{"id":1090,"date":"2013-06-14T13:39:56","date_gmt":"2013-06-14T10:39:56","guid":{"rendered":"https:\/\/uusi.revoco.fi\/kablar\/"},"modified":"2013-06-14T13:39:56","modified_gmt":"2013-06-14T10:39:56","slug":"kablar","status":"publish","type":"page","link":"https:\/\/revoco.fi\/sv\/ledningsserier\/kablar\/","title":{"rendered":"Kablar"},"content":{"rendered":"<p>Vi tillverkar alla slags kablar och kabelserier kostnadseffektivt i b\u00e5de sm\u00e5 och stora partier. Tillverkningen och testningen sker efter kundens \u00f6nskem\u00e5l. Vi har ett mycket brett sortiment kablar och kopplingar.<\/p>\n<p>V\u00e5ra automatiska maskiner m\u00e4ter, kapar, buntar och skalar kablar inkl. inre ledningar kostnadseffektivt.<\/p>\n<p><img loading=\"lazy\" decoding=\"async\" src=\"https:\/\/revoco.fi\/wp-content\/uploads\/2013\/06\/kaapelit_kuva1_lev200.jpg\" alt=\"kaapelit_kuva1_lev200\" width=\"200\" height=\"150\" class=\"alignnone size-full wp-image-166\" \/><img loading=\"lazy\" decoding=\"async\" src=\"https:\/\/revoco.fi\/wp-content\/uploads\/2013\/06\/kaapelit_kuva2_lev200.jpg\" alt=\"kaapelit_kuva2_lev200\" width=\"200\" height=\"150\" class=\"alignleft size-full wp-image-168\" \/><img loading=\"lazy\" decoding=\"async\" src=\"https:\/\/revoco.fi\/wp-content\/uploads\/2013\/06\/kaapelit_kuva3_lev200.jpg\" alt=\"kaapelit_kuva3_lev200\" width=\"200\" height=\"150\" class=\"alignleft size-full wp-image-169\" \/><\/p>\n<p><br style=\"clear:both;\"><\/p>\n<p><img loading=\"lazy\" decoding=\"async\" src=\"https:\/\/revoco.fi\/wp-content\/uploads\/2013\/06\/kaapelit_kuva4_lev200.jpg\" alt=\"kaapelit_kuva4_lev200\" width=\"200\" height=\"267\" class=\"alignnone size-full wp-image-170\" \/><img loading=\"lazy\" decoding=\"async\" src=\"https:\/\/revoco.fi\/wp-content\/uploads\/2013\/06\/kaapelit_kuva5_lev200.jpg\" alt=\"kaapelit_kuva5_lev200\" width=\"200\" height=\"150\" class=\"alignnone size-full wp-image-171\" \/><img loading=\"lazy\" decoding=\"async\" src=\"https:\/\/revoco.fi\/wp-content\/uploads\/2013\/06\/kaapelit_kuva6_lev200.jpg\" alt=\"kaapelit_kuva6_lev200\" width=\"200\" height=\"150\" class=\"alignleft size-full wp-image-172\" \/><\/p>\n<p><br style=\"clear:both;\"><\/p>\n<p><img loading=\"lazy\" decoding=\"async\" src=\"https:\/\/revoco.fi\/wp-content\/uploads\/2013\/06\/kaapelit_kuva7_lev200.jpg\" alt=\"kaapelit_kuva7_lev200\" width=\"200\" height=\"150\" class=\"alignnone size-full wp-image-173\" \/><img loading=\"lazy\" decoding=\"async\" src=\"https:\/\/revoco.fi\/wp-content\/uploads\/2013\/06\/kaapelit_kuva8_lev200.jpg\" alt=\"kaapelit_kuva8_lev200\" width=\"200\" height=\"267\" class=\"alignleft size-full wp-image-174\" \/><\/p>\n","protected":false},"excerpt":{"rendered":"<p>Vi tillverkar alla slags kablar och kabelserier kostnadseffektivt i b\u00e5de sm\u00e5 och stora partier. Tillverkningen och testningen sker efter kundens \u00f6nskem\u00e5l. Vi har ett mycket brett sortiment kablar och kopplingar. V\u00e5ra automatiska maskiner m\u00e4ter, kapar, buntar och skalar kablar inkl. inre ledningar kostnadseffektivt.<\/p>\n","protected":false},"author":1,"featured_media":0,"parent":1081,"menu_order":0,"comment_status":"open","ping_status":"open","template":"","meta":{"footnotes":""},"class_list":["post-1090","page","type-page","status-publish"],"_links":{"self":[{"href":"https:\/\/revoco.fi\/sv\/wp-json\/wp\/v2\/pages\/1090","targetHints":{"allow":["GET"]}}],"collection":[{"href":"https:\/\/revoco.fi\/sv\/wp-json\/wp\/v2\/pages"}],"about":[{"href":"https:\/\/revoco.fi\/sv\/wp-json\/wp\/v2\/types\/page"}],"author":[{"embeddable":true,"href":"https:\/\/revoco.fi\/sv\/wp-json\/wp\/v2\/users\/1"}],"replies":[{"embeddable":true,"href":"https:\/\/revoco.fi\/sv\/wp-json\/wp\/v2\/comments?post=1090"}],"version-history":[{"count":0,"href":"https:\/\/revoco.fi\/sv\/wp-json\/wp\/v2\/pages\/1090\/revisions"}],"up":[{"embeddable":true,"href":"https:\/\/revoco.fi\/sv\/wp-json\/wp\/v2\/pages\/1081"}],"wp:attachment":[{"href":"https:\/\/revoco.fi\/sv\/wp-json\/wp\/v2\/media?parent=1090"}],"curies":[{"name":"wp","href":"https:\/\/api.w.org\/{rel}","templated":true}]}}

<p>Vi tillverkar alla slags kablar och kabelserier kostnadseffektivt i både små och stora partier. Tillverkningen och testningen sker efter kundens önskemål. Vi har ett mycket brett sortiment kablar och kopplingar.</p>
<p>Våra automatiska maskiner mäter, kapar, buntar och skalar kablar inkl. inre ledningar kostnadseffektivt.</p>
<p><img loading="lazy" decoding="async" src="https://revoco.fi/wp-content/uploads/2013/06/kaapelit_kuva1_lev200.jpg" alt="kaapelit_kuva1_lev200" width="200" height="150" class="alignnone size-full wp-image-166" /><img loading="lazy" decoding="async" src="https://revoco.fi/wp-content/uploads/2013/06/kaapelit_kuva2_lev200.jpg" alt="kaapelit_kuva2_lev200" width="200" height="150" class="alignleft size-full wp-image-168" /><img loading="lazy" decoding="async" src="https://revoco.fi/wp-content/uploads/2013/06/kaapelit_kuva3_lev200.jpg" alt="kaapelit_kuva3_lev200" width="200" height="150" class="alignleft size-full wp-image-169" /></p>
<p><br style="clear:both;"></p>
<p><img loading="lazy" decoding="async" src="https://revoco.fi/wp-content/uploads/2013/06/kaapelit_kuva4_lev200.jpg" alt="kaapelit_kuva4_lev200" width="200" height="267" class="alignnone size-full wp-image-170" /><img loading="lazy" decoding="async" src="https://revoco.fi/wp-content/uploads/2013/06/kaapelit_kuva5_lev200.jpg" alt="kaapelit_kuva5_lev200" width="200" height="150" class="alignnone size-full wp-image-171" /><img loading="lazy" decoding="async" src="https://revoco.fi/wp-content/uploads/2013/06/kaapelit_kuva6_lev200.jpg" alt="kaapelit_kuva6_lev200" width="200" height="150" class="alignleft size-full wp-image-172" /></p>
<p><br style="clear:both;"></p>
<p><img loading="lazy" decoding="async" src="https://revoco.fi/wp-content/uploads/2013/06/kaapelit_kuva7_lev200.jpg" alt="kaapelit_kuva7_lev200" width="200" height="150" class="alignnone size-full wp-image-173" /><img loading="lazy" decoding="async" src="https://revoco.fi/wp-content/uploads/2013/06/kaapelit_kuva8_lev200.jpg" alt="kaapelit_kuva8_lev200" width="200" height="267" class="alignleft size-full wp-image-174" /></p>

<p>Vi tillverkar alla slags kablar och kabelserier kostnadseffektivt i både små och stora partier. Tillverkningen och testningen sker efter kundens önskemål. Vi har ett mycket brett sortiment kablar och kopplingar. Våra automatiska maskiner mäter, kapar, buntar och skalar kablar inkl. inre ledningar kostnadseffektivt.</p>
